{"id":376,"date":"2015-04-26T01:57:21","date_gmt":"2015-04-25T23:57:21","guid":{"rendered":"http:\/\/8pokoi.pl\/?page_id=376"},"modified":"2021-07-16T13:57:33","modified_gmt":"2021-07-16T11:57:33","slug":"oferta-dodatkowa","status":"publish","type":"page","link":"https:\/\/8pokoi.pl\/?page_id=376","title":{"rendered":"OFERTA DODATKOWA"},"content":{"rendered":"<h1>8POKOI &#8211; OFKA CIESZYN<\/h1>\n<h2><strong><u>Biuro eventowe<\/u><\/strong><\/h2>\n<p><strong>Biuro eventowe<\/strong> prowadzi dzia\u0142alno\u015b\u0107 zwi\u0105zan\u0105 z organizacj\u0105 przedsi\u0119wzi\u0119\u0107 spo\u0142ecznych, kulturalnych, rekreacyjno-sportowych oraz biznesowych.<\/p>\n<p>Dzia\u0142alno\u015b\u0107 eventowa bazuje na wykorzystaniu potencja\u0142u Wzg\u00f3rza Zamkowego, w tym:<\/p>\n<p>&#8211; du\u017cego dziedzi\u0144ca znajduj\u0105cego si\u0119 na Wzg\u00f3rzu Zamkowym;<\/p>\n<p>&#8211; sal konferencyjnych oraz innych pomieszczenia Zamku Cieszyn, kt\u00f3re mog\u0105 zosta\u0107 wykorzystane do organizacji konferencji, szkole\u0144, warsztat\u00f3w oraz spotka\u0144 biznesowych.<\/p>\n<p>W pocz\u0105tkowym okresie g\u0142\u00f3wne dzia\u0142ania biura zosta\u0142y skierowane na pomoc przy organizacji presti\u017cowych wydarze\u0144 zar\u00f3wno na Zamku jak i w mie\u015bcie, m. in.: urodziny Zamku, fora gospodarcze, Skarby z Cieszy\u0144skiej Tr\u00f3w\u0142y, Dni Cieszyna i Czeskiego Cieszyna \u201e\u015awi\u0119to Trzech Braci\u201d.<\/p>\n<p>Oferta sp\u00f3\u0142dzielni obejmuje r\u00f3wnie\u017c organizacj\u0119 imprez w\u0142asnych i zleconych, w tym:<\/p>\n<p>&#8211; wizyty studyjne (obejmuj\u0105ce zakwaterowanie, wy\u017cywienie, prezentacje PES dzia\u0142aj\u0105cych na terenie Cieszyna i okolicy, oprowadzanie po Wzg\u00f3rzu Zamkowym i Cieszynie, prezentacj\u0119 SS OFKA),<\/p>\n<p>&#8211; imprezy plenerowe na Wzg\u00f3rzu Zamkowym przy wsp\u00f3\u0142pracy z wybranymi partnerami imprez,<\/p>\n<p>&#8211; letnie kino,<\/p>\n<p>&#8211; warsztaty rodzinne,<\/p>\n<p>&#8211; gry miejskie,<\/p>\n<p>&#8211; koncerty.<\/p>\n<h2><strong><u>Wypo\u017cyczalnia rower\u00f3w<\/u><\/strong><\/h2>\n<p>Ze wzgl\u0119du na atrakcyjne turystycznie po\u0142o\u017cenie i dost\u0119pno\u015b\u0107 du\u017cej liczby tras rowerowych, w okresie od maja do pa\u017adziernika prowadzimy r\u00f3wnie\u017c wypo\u017cyczalni\u0119 rower\u00f3w. Korzysta\u0107 z niej mog\u0105 zar\u00f3wno mieszka\u0144cy oraz tury\u015bci. Do dyspozycji klient\u00f3w pozostaje 10 rower\u00f3w ze wsparciem elektrycznych i 5 rower\u00f3w turystycznych\/miejskich.<\/p>\n<p><strong>CENNIK:<\/strong><\/p>\n<p>ROWER TURYSTYCZNY 26&#8243;<\/p>\n<p>12 Z\u0141\/h 60 Z\u0141\/doba<\/p>\n<p>ROWER ZE WSPARCIEM ELEKTRYCZNYM 26&#8243;<\/p>\n<p>20 Z\u0141\/h 100 Z\u0141\/doba<\/p>\n<p>ROWER ZE WSPARCIEM ELEKTRYCZNYM 20&#8243;<\/p>\n<p>20 Z\u0141\/h 100 Z\u0141\/doba<\/p>\n<p>ROWER ZE WSPARCIEM ELEKTRYCZNYM 16&#8243;<\/p>\n<p>18 Z\u0141\/h 90 Z\u0141\/doba<\/p>\n<p>kaucja za rower elektryczny 100 z\u0142<\/p>\n<p>przy wynajmie wi\u0119kszej ilo\u015bci sztuk mo\u017cliwa negocjacja ceny oraz sumy kaucji<\/p>\n<h2><strong><u>Warsztaty artystyczne<\/u><\/strong><\/h2>\n<p>W ramach dzia\u0142alno\u015bci sp\u00f3\u0142dzielni stworzona zosta\u0142a pracownia warsztat\u00f3w artystycznych, w ramach kt\u00f3rej proponowane s\u0105 kreatywne warsztaty skierowane zar\u00f3wno dla doros\u0142ych, m\u0142odzie\u017cy i dzieci.<\/p>\n<p><u>Warsztaty ceramiczne<\/u> obejm\u0105: poznanie podstawowych techniki i metod formowania mas ceramicznych, informacje o masach ceramicznych &#8211; rodzaje mas i ich zastosowanie, sk\u0142ad mas, spos\u00f3b doboru masy do prac, rodzajach szkliw i ich stosowanie, informacje o piecach, sposoby wypalania: naturalne, elektryczne, gazowe, ogniskowe, wypalanie w do\u0142ach, w trocinach, piece opalane drewnem, podstawowe techniki dekoracyjne &#8211; malowanie angob\u0105, farbkami pod szkliwnymi, szkliwami, wiele innych informacji niezb\u0119dnych do rozpocz\u0119cia pracy.<\/p>\n<p>Warsztaty ceramiczne przygotowane s\u0105 z programami dostosowanymi dla r\u00f3\u017cnych grup wiekowych i grup odbiorc\u00f3w, w tym: <strong>warsztaty dla dzieci<\/strong>, <strong>warsztaty ceramiki artystycznej, rodzinne lepienie. <\/strong><\/p>\n<p>Zaj\u0119cia odbywaj\u0105 si\u0119 w grupach 4-8 osobowych, prace wykonywane na zaj\u0119ciach pozostan\u0105 w\u0142asno\u015bci\u0105 ich autor\u00f3w.<\/p>\n<p>Zapytania dot. oferty dodatkowej prosz\u0119 kierowa\u0107 na adres: ofka.biuro@gmail.com<\/p>\n","protected":false},"excerpt":{"rendered":"<p>8POKOI &#8211; OFKA CIESZYN Biuro eventowe Biuro eventowe prowadzi dzia\u0142alno\u015b\u0107 zwi\u0105zan\u0105 z organizacj\u0105 przedsi\u0119wzi\u0119\u0107 spo\u0142ecznych, kulturalnych, rekreacyjno-sportowych oraz biznesowych. Dzia\u0142alno\u015b\u0107 eventowa bazuje na wykorzystaniu potencja\u0142u Wzg\u00f3rza Zamkowego, w tym: &#8211; du\u017cego dziedzi\u0144ca znajduj\u0105cego si\u0119 na Wzg\u00f3rzu Zamkowym; &#8211; sal konferencyjnych oraz innych pomieszczenia Zamku Cieszyn, kt\u00f3re mog\u0105 zosta\u0107 wykorzystane do[&#8230;]<\/p>\n","protected":false},"author":1,"featured_media":0,"parent":0,"menu_order":0,"comment_status":"open","ping_status":"open","template":"template-fullwidth.php","meta":[],"yoast_head":"<!-- This site is optimized with the Yoast SEO plugin v17.0 - https:\/\/yoast.com\/wordpress\/plugins\/seo\/ -->\n<title>OFERTA DODATKOWA - Hotel 8 pokoi noclegi, kwatery, pokoje go\u015bcinne<\/title>\n<meta name=\"robots\" content=\"index, follow, max-snippet:-1, max-image-preview:large, max-video-preview:-1\" \/>\n<link rel=\"canonical\" href=\"https:\/\/8pokoi.pl\/?page_id=376\" \/>\n<meta property=\"og:locale\" content=\"pl_PL\" \/>\n<meta property=\"og:type\" content=\"article\" \/>\n<meta property=\"og:title\" content=\"OFERTA DODATKOWA - Hotel 8 pokoi noclegi, kwatery, pokoje go\u015bcinne\" \/>\n<meta property=\"og:description\" content=\"8POKOI &#8211; OFKA CIESZYN Biuro eventowe Biuro eventowe prowadzi dzia\u0142alno\u015b\u0107 zwi\u0105zan\u0105 z organizacj\u0105 przedsi\u0119wzi\u0119\u0107 spo\u0142ecznych, kulturalnych, rekreacyjno-sportowych oraz biznesowych. Dzia\u0142alno\u015b\u0107 eventowa bazuje na wykorzystaniu potencja\u0142u Wzg\u00f3rza Zamkowego, w tym: &#8211; du\u017cego dziedzi\u0144ca znajduj\u0105cego si\u0119 na Wzg\u00f3rzu Zamkowym; &#8211; sal konferencyjnych oraz innych pomieszczenia Zamku Cieszyn, kt\u00f3re mog\u0105 zosta\u0107 wykorzystane do[...]\" \/>\n<meta property=\"og:url\" content=\"https:\/\/8pokoi.pl\/?page_id=376\" \/>\n<meta property=\"og:site_name\" content=\"Hotel 8 pokoi noclegi, kwatery, pokoje go\u015bcinne\" \/>\n<meta property=\"article:modified_time\" content=\"2021-07-16T11:57:33+00:00\" \/>\n<meta name=\"twitter:card\" content=\"summary_large_image\" \/>\n<meta name=\"twitter:label1\" content=\"Szacowany czas czytania\" \/>\n\t<meta name=\"twitter:data1\" content=\"2 minuty\" \/>\n<script type=\"application\/ld+json\" class=\"yoast-schema-graph\">{\"@context\":\"https:\/\/schema.org\",\"@graph\":[{\"@type\":\"WebSite\",\"@id\":\"https:\/\/8pokoi.pl\/#website\",\"url\":\"https:\/\/8pokoi.pl\/\",\"name\":\"Hotel 8 pokoi noclegi, kwatery, pokoje go\\u015bcinne\",\"description\":\"Ofka zaprasza w swoje progi na noclegi do Cieszyna\",\"potentialAction\":[{\"@type\":\"SearchAction\",\"target\":{\"@type\":\"EntryPoint\",\"urlTemplate\":\"https:\/\/8pokoi.pl\/?s={search_term_string}\"},\"query-input\":\"required name=search_term_string\"}],\"inLanguage\":\"pl-PL\"},{\"@type\":\"WebPage\",\"@id\":\"https:\/\/8pokoi.pl\/?page_id=376#webpage\",\"url\":\"https:\/\/8pokoi.pl\/?page_id=376\",\"name\":\"OFERTA DODATKOWA - Hotel 8 pokoi noclegi, kwatery, pokoje go\\u015bcinne\",\"isPartOf\":{\"@id\":\"https:\/\/8pokoi.pl\/#website\"},\"datePublished\":\"2015-04-25T23:57:21+00:00\",\"dateModified\":\"2021-07-16T11:57:33+00:00\",\"breadcrumb\":{\"@id\":\"https:\/\/8pokoi.pl\/?page_id=376#breadcrumb\"},\"inLanguage\":\"pl-PL\",\"potentialAction\":[{\"@type\":\"ReadAction\",\"target\":[\"https:\/\/8pokoi.pl\/?page_id=376\"]}]},{\"@type\":\"BreadcrumbList\",\"@id\":\"https:\/\/8pokoi.pl\/?page_id=376#breadcrumb\",\"itemListElement\":[{\"@type\":\"ListItem\",\"position\":1,\"name\":\"Strona g\\u0142\\u00f3wna\",\"item\":\"https:\/\/8pokoi.pl\/\"},{\"@type\":\"ListItem\",\"position\":2,\"name\":\"OFERTA DODATKOWA\"}]}]}<\/script>\n<!-- \/ Yoast SEO plugin. -->","yoast_head_json":{"title":"OFERTA DODATKOWA - Hotel 8 pokoi noclegi, kwatery, pokoje go\u015bcinne","robots":{"index":"index","follow":"follow","max-snippet":"max-snippet:-1","max-image-preview":"max-image-preview:large","max-video-preview":"max-video-preview:-1"},"canonical":"https:\/\/8pokoi.pl\/?page_id=376","og_locale":"pl_PL","og_type":"article","og_title":"OFERTA DODATKOWA - Hotel 8 pokoi noclegi, kwatery, pokoje go\u015bcinne","og_description":"8POKOI &#8211; OFKA CIESZYN Biuro eventowe Biuro eventowe prowadzi dzia\u0142alno\u015b\u0107 zwi\u0105zan\u0105 z organizacj\u0105 przedsi\u0119wzi\u0119\u0107 spo\u0142ecznych, kulturalnych, rekreacyjno-sportowych oraz biznesowych. Dzia\u0142alno\u015b\u0107 eventowa bazuje na wykorzystaniu potencja\u0142u Wzg\u00f3rza Zamkowego, w tym: &#8211; du\u017cego dziedzi\u0144ca znajduj\u0105cego si\u0119 na Wzg\u00f3rzu Zamkowym; &#8211; sal konferencyjnych oraz innych pomieszczenia Zamku Cieszyn, kt\u00f3re mog\u0105 zosta\u0107 wykorzystane do[...]","og_url":"https:\/\/8pokoi.pl\/?page_id=376","og_site_name":"Hotel 8 pokoi noclegi, kwatery, pokoje go\u015bcinne","article_modified_time":"2021-07-16T11:57:33+00:00","twitter_card":"summary_large_image","twitter_misc":{"Szacowany czas czytania":"2 minuty"},"schema":{"@context":"https:\/\/schema.org","@graph":[{"@type":"WebSite","@id":"https:\/\/8pokoi.pl\/#website","url":"https:\/\/8pokoi.pl\/","name":"Hotel 8 pokoi noclegi, kwatery, pokoje go\u015bcinne","description":"Ofka zaprasza w swoje progi na noclegi do Cieszyna","potentialAction":[{"@type":"SearchAction","target":{"@type":"EntryPoint","urlTemplate":"https:\/\/8pokoi.pl\/?s={search_term_string}"},"query-input":"required name=search_term_string"}],"inLanguage":"pl-PL"},{"@type":"WebPage","@id":"https:\/\/8pokoi.pl\/?page_id=376#webpage","url":"https:\/\/8pokoi.pl\/?page_id=376","name":"OFERTA DODATKOWA - Hotel 8 pokoi noclegi, kwatery, pokoje go\u015bcinne","isPartOf":{"@id":"https:\/\/8pokoi.pl\/#website"},"datePublished":"2015-04-25T23:57:21+00:00","dateModified":"2021-07-16T11:57:33+00:00","breadcrumb":{"@id":"https:\/\/8pokoi.pl\/?page_id=376#breadcrumb"},"inLanguage":"pl-PL","potentialAction":[{"@type":"ReadAction","target":["https:\/\/8pokoi.pl\/?page_id=376"]}]},{"@type":"BreadcrumbList","@id":"https:\/\/8pokoi.pl\/?page_id=376#breadcrumb","itemListElement":[{"@type":"ListItem","position":1,"name":"Strona g\u0142\u00f3wna","item":"https:\/\/8pokoi.pl\/"},{"@type":"ListItem","position":2,"name":"OFERTA DODATKOWA"}]}]}},"_links":{"self":[{"href":"https:\/\/8pokoi.pl\/index.php?rest_route=\/wp\/v2\/pages\/376"}],"collection":[{"href":"https:\/\/8pokoi.pl\/index.php?rest_route=\/wp\/v2\/pages"}],"about":[{"href":"https:\/\/8pokoi.pl\/index.php?rest_route=\/wp\/v2\/types\/page"}],"author":[{"embeddable":true,"href":"https:\/\/8pokoi.pl\/index.php?rest_route=\/wp\/v2\/users\/1"}],"replies":[{"embeddable":true,"href":"https:\/\/8pokoi.pl\/index.php?rest_route=%2Fwp%2Fv2%2Fcomments&post=376"}],"version-history":[{"count":5,"href":"https:\/\/8pokoi.pl\/index.php?rest_route=\/wp\/v2\/pages\/376\/revisions"}],"predecessor-version":[{"id":488,"href":"https:\/\/8pokoi.pl\/index.php?rest_route=\/wp\/v2\/pages\/376\/revisions\/488"}],"wp:attachment":[{"href":"https:\/\/8pokoi.pl\/index.php?rest_route=%2Fwp%2Fv2%2Fmedia&parent=376"}],"curies":[{"name":"wp","href":"https:\/\/api.w.org\/{rel}","templated":true}]}}

<h1>8POKOI &#8211; OFKA CIESZYN</h1>
<h2><strong><u>Biuro eventowe</u></strong></h2>
<p><strong>Biuro eventowe</strong> prowadzi działalność związaną z organizacją przedsięwzięć społecznych, kulturalnych, rekreacyjno-sportowych oraz biznesowych.</p>
<p>Działalność eventowa bazuje na wykorzystaniu potencjału Wzgórza Zamkowego, w tym:</p>
<p>&#8211; dużego dziedzińca znajdującego się na Wzgórzu Zamkowym;</p>
<p>&#8211; sal konferencyjnych oraz innych pomieszczenia Zamku Cieszyn, które mogą zostać wykorzystane do organizacji konferencji, szkoleń, warsztatów oraz spotkań biznesowych.</p>
<p>W początkowym okresie główne działania biura zostały skierowane na pomoc przy organizacji prestiżowych wydarzeń zarówno na Zamku jak i w mieście, m. in.: urodziny Zamku, fora gospodarcze, Skarby z Cieszyńskiej Trówły, Dni Cieszyna i Czeskiego Cieszyna „Święto Trzech Braci”.</p>
<p>Oferta spółdzielni obejmuje również organizację imprez własnych i zleconych, w tym:</p>
<p>&#8211; wizyty studyjne (obejmujące zakwaterowanie, wyżywienie, prezentacje PES działających na terenie Cieszyna i okolicy, oprowadzanie po Wzgórzu Zamkowym i Cieszynie, prezentację SS OFKA),</p>
<p>&#8211; imprezy plenerowe na Wzgórzu Zamkowym przy współpracy z wybranymi partnerami imprez,</p>
<p>&#8211; letnie kino,</p>
<p>&#8211; warsztaty rodzinne,</p>
<p>&#8211; gry miejskie,</p>
<p>&#8211; koncerty.</p>
<h2><strong><u>Wypożyczalnia rowerów</u></strong></h2>
<p>Ze względu na atrakcyjne turystycznie położenie i dostępność dużej liczby tras rowerowych, w okresie od maja do października prowadzimy również wypożyczalnię rowerów. Korzystać z niej mogą zarówno mieszkańcy oraz turyści. Do dyspozycji klientów pozostaje 10 rowerów ze wsparciem elektrycznych i 5 rowerów turystycznych/miejskich.</p>
<p><strong>CENNIK:</strong></p>
<p>ROWER TURYSTYCZNY 26&#8243;</p>
<p>12 ZŁ/h 60 ZŁ/doba</p>
<p>ROWER ZE WSPARCIEM ELEKTRYCZNYM 26&#8243;</p>
<p>20 ZŁ/h 100 ZŁ/doba</p>
<p>ROWER ZE WSPARCIEM ELEKTRYCZNYM 20&#8243;</p>
<p>20 ZŁ/h 100 ZŁ/doba</p>
<p>ROWER ZE WSPARCIEM ELEKTRYCZNYM 16&#8243;</p>
<p>18 ZŁ/h 90 ZŁ/doba</p>
<p>kaucja za rower elektryczny 100 zł</p>
<p>przy wynajmie większej ilości sztuk możliwa negocjacja ceny oraz sumy kaucji</p>
<h2><strong><u>Warsztaty artystyczne</u></strong></h2>
<p>W ramach działalności spółdzielni stworzona została pracownia warsztatów artystycznych, w ramach której proponowane są kreatywne warsztaty skierowane zarówno dla dorosłych, młodzieży i dzieci.</p>
<p><u>Warsztaty ceramiczne</u> obejmą: poznanie podstawowych techniki i metod formowania mas ceramicznych, informacje o masach ceramicznych &#8211; rodzaje mas i ich zastosowanie, skład mas, sposób doboru masy do prac, rodzajach szkliw i ich stosowanie, informacje o piecach, sposoby wypalania: naturalne, elektryczne, gazowe, ogniskowe, wypalanie w dołach, w trocinach, piece opalane drewnem, podstawowe techniki dekoracyjne &#8211; malowanie angobą, farbkami pod szkliwnymi, szkliwami, wiele innych informacji niezbędnych do rozpoczęcia pracy.</p>
<p>Warsztaty ceramiczne przygotowane są z programami dostosowanymi dla różnych grup wiekowych i grup odbiorców, w tym: <strong>warsztaty dla dzieci</strong>, <strong>warsztaty ceramiki artystycznej, rodzinne lepienie. </strong></p>
<p>Zajęcia odbywają się w grupach 4-8 osobowych, prace wykonywane na zajęciach pozostaną własnością ich autorów.</p>
<p>Zapytania dot. oferty dodatkowej proszę kierować na adres: ofka.biuro@gmail.com</p>

<p>8POKOI &#8211; OFKA CIESZYN Biuro eventowe Biuro eventowe prowadzi działalność związaną z organizacją przedsięwzięć społecznych, kulturalnych, rekreacyjno-sportowych oraz biznesowych. Działalność eventowa bazuje na wykorzystaniu potencjału Wzgórza Zamkowego, w tym: &#8211; dużego dziedzińca znajdującego się na Wzgórzu Zamkowym; &#8211; sal konferencyjnych oraz innych pomieszczenia Zamku Cieszyn, które mogą zostać wykorzystane do[&#8230;]</p>

<!-- This site is optimized with the Yoast SEO plugin v17.0 - https://yoast.com/wordpress/plugins/seo/ -->
<title>OFERTA DODATKOWA - Hotel 8 pokoi noclegi, kwatery, pokoje gościnne</title>
<meta name="robots" content="index, follow, max-snippet:-1, max-image-preview:large, max-video-preview:-1" />
<link rel="canonical" href="https://8pokoi.pl/?page_id=376" />
<meta property="og:locale" content="pl_PL" />
<meta property="og:type" content="article" />
<meta property="og:title" content="OFERTA DODATKOWA - Hotel 8 pokoi noclegi, kwatery, pokoje gościnne" />
<meta property="og:description" content="8POKOI &#8211; OFKA CIESZYN Biuro eventowe Biuro eventowe prowadzi działalność związaną z organizacją przedsięwzięć społecznych, kulturalnych, rekreacyjno-sportowych oraz biznesowych. Działalność eventowa bazuje na wykorzystaniu potencjału Wzgórza Zamkowego, w tym: &#8211; dużego dziedzińca znajdującego się na Wzgórzu Zamkowym; &#8211; sal konferencyjnych oraz innych pomieszczenia Zamku Cieszyn, które mogą zostać wykorzystane do[...]" />
<meta property="og:url" content="https://8pokoi.pl/?page_id=376" />
<meta property="og:site_name" content="Hotel 8 pokoi noclegi, kwatery, pokoje gościnne" />
<meta property="article:modified_time" content="2021-07-16T11:57:33+00:00" />
<meta name="twitter:card" content="summary_large_image" />
<meta name="twitter:label1" content="Szacowany czas czytania" />
	<meta name="twitter:data1" content="2 minuty" />
<script type="application/ld+json" class="yoast-schema-graph">{"@context":"https://schema.org","@graph":[{"@type":"WebSite","@id":"https://8pokoi.pl/#website","url":"https://8pokoi.pl/","name":"Hotel 8 pokoi noclegi, kwatery, pokoje go\u015bcinne","description":"Ofka zaprasza w swoje progi na noclegi do Cieszyna","potentialAction":[{"@type":"SearchAction","target":{"@type":"EntryPoint","urlTemplate":"https://8pokoi.pl/?s={search_term_string}"},"query-input":"required name=search_term_string"}],"inLanguage":"pl-PL"},{"@type":"WebPage","@id":"https://8pokoi.pl/?page_id=376#webpage","url":"https://8pokoi.pl/?page_id=376","name":"OFERTA DODATKOWA - Hotel 8 pokoi noclegi, kwatery, pokoje go\u015bcinne","isPartOf":{"@id":"https://8pokoi.pl/#website"},"datePublished":"2015-04-25T23:57:21+00:00","dateModified":"2021-07-16T11:57:33+00:00","breadcrumb":{"@id":"https://8pokoi.pl/?page_id=376#breadcrumb"},"inLanguage":"pl-PL","potentialAction":[{"@type":"ReadAction","target":["https://8pokoi.pl/?page_id=376"]}]},{"@type":"BreadcrumbList","@id":"https://8pokoi.pl/?page_id=376#breadcrumb","itemListElement":[{"@type":"ListItem","position":1,"name":"Strona g\u0142\u00f3wna","item":"https://8pokoi.pl/"},{"@type":"ListItem","position":2,"name":"OFERTA DODATKOWA"}]}]}</script>
<!-- / Yoast SEO plugin. -->

OFERTA DODATKOWA - Hotel 8 pokoi noclegi, kwatery, pokoje gościnne

8POKOI &#8211; OFKA CIESZYN Biuro eventowe Biuro eventowe prowadzi działalność związaną z organizacją przedsięwzięć społecznych, kulturalnych, rekreacyjno-sportowych oraz biznesowych. Działalność eventowa bazuje na wykorzystaniu potencjału Wzgórza Zamkowego, w tym: &#8211; dużego dziedzińca znajdującego się na Wzgórzu Zamkowym; &#8211; sal konferencyjnych oraz innych pomieszczenia Zamku Cieszyn, które mogą zostać wykorzystane do[...]

Hotel 8 pokoi noclegi, kwatery, pokoje gościnne

Strona główna
