{"id":502,"date":"2021-07-27T08:26:02","date_gmt":"2021-07-27T06:26:02","guid":{"rendered":"http:\/\/8pokoi.pl\/?page_id=502"},"modified":"2021-07-30T09:44:34","modified_gmt":"2021-07-30T07:44:34","slug":"wypozyczalnia-rowerow","status":"publish","type":"page","link":"https:\/\/8pokoi.pl\/?page_id=502","title":{"rendered":"WYPO\u017bYCZALNIA ROWER\u00d3W"},"content":{"rendered":"\n<p><strong>CZYNNA CODZIENNIE 10:00 \u2013 15:00<\/strong><\/p>\n\n\n\n<p>sugerujemy wcze\u015bniejszy kontakt telefoniczny w celu dokonania rezerwacji na konkretny dzie\u0144 i konkretn\u0105 godzin\u0119<\/p>\n\n\n\n<p>TEL. 732994451<\/p>\n\n\n\n<p>Ze wzgl\u0119du na atrakcyjne turystycznie po\u0142o\u017cenie Cieszyna i dost\u0119pno\u015b\u0107 du\u017cej  liczby tras rowerowych, w okresie od maja do pa\u017adziernika prowadzimy  r\u00f3wnie\u017c nieliczn\u0105 w okolicy <strong>wypo\u017cyczalni\u0119 rower\u00f3w<\/strong>. Korzysta\u0107 z niej mog\u0105 zar\u00f3wno mieszka\u0144cy  oraz tury\u015bci. Do dyspozycji klient\u00f3w pozostaje 10 rower\u00f3w ze wsparciem  elektrycznych i 5 rower\u00f3w turystycznych\/miejskich.<\/p>\n\n\n\n<p><strong>CENNIK:<\/strong><\/p>\n\n\n\n<p><strong>ROWER TURYSTYCZNY 26<\/strong><\/p>\n\n\n\n<p>12 Z\u0141\/h 60 Z\u0141\/doba<\/p>\n\n\n\n<p><strong>ROWER ZE WSPARCIEM ELEKTRYCZNYM 26\u2033<\/strong><\/p>\n\n\n\n<p>20 Z\u0141\/h 100 Z\u0141\/doba<\/p>\n\n\n\n<p><strong>ROWER ZE WSPARCIEM ELEKTRYCZNYM 20\u2033<\/strong><\/p>\n\n\n\n<p>20 Z\u0141\/h 100 Z\u0141\/doba<\/p>\n\n\n\n<p><strong>ROWER ZE WSPARCIEM ELEKTRYCZNYM 16\u2033<\/strong><\/p>\n\n\n\n<p>18 Z\u0141\/h 90 Z\u0141\/doba<\/p>\n\n\n\n<p><strong>kaucja za rower elektryczny 100 z\u0142<\/strong><\/p>\n\n\n\n<p>przy wynajmie wi\u0119kszej ilo\u015bci sztuk mo\u017cliwa negocjacja ceny oraz sumy kaucji<\/p>\n\n\n\n<p>Proponujemy szereg atrakcyjnych <a href=\"https:\/\/www.noclegowo.pl\/trasy-rowerowe\/cieszyn\/\" target=\"_blank\" rel=\"noreferrer noopener\" aria-label=\"tras rowerowych (otwiera si\u0119 na nowej zak\u0142adce)\">tras rowerowych<\/a><\/p>\n","protected":false},"excerpt":{"rendered":"<p>CZYNNA CODZIENNIE 10:00 \u2013 15:00 sugerujemy wcze\u015bniejszy kontakt telefoniczny w celu dokonania rezerwacji na konkretny dzie\u0144 i konkretn\u0105 godzin\u0119 TEL. 732994451 Ze wzgl\u0119du na atrakcyjne turystycznie po\u0142o\u017cenie Cieszyna i dost\u0119pno\u015b\u0107 du\u017cej liczby tras rowerowych, w okresie od maja do pa\u017adziernika prowadzimy r\u00f3wnie\u017c nieliczn\u0105 w okolicy wypo\u017cyczalni\u0119 rower\u00f3w. Korzysta\u0107 z niej[&#8230;]<\/p>\n","protected":false},"author":2,"featured_media":508,"parent":0,"menu_order":0,"comment_status":"closed","ping_status":"closed","template":"template-fullwidth.php","meta":[],"yoast_head":"<!-- This site is optimized with the Yoast SEO plugin v17.0 - https:\/\/yoast.com\/wordpress\/plugins\/seo\/ -->\n<title>WYPO\u017bYCZALNIA ROWER\u00d3W - Hotel 8 pokoi noclegi, kwatery, pokoje go\u015bcinne<\/title>\n<meta name=\"description\" content=\"Wypo\u017cycz rower, rower wspomagany elektrycznie w samym centrum Cieszyna na Zabytkowym Wzg\u00f3rzu Zamkowym nieopodal rynku\" \/>\n<meta name=\"robots\" content=\"index, follow, max-snippet:-1, max-image-preview:large, max-video-preview:-1\" \/>\n<link rel=\"canonical\" href=\"https:\/\/8pokoi.pl\/?page_id=502\" \/>\n<meta property=\"og:locale\" content=\"pl_PL\" \/>\n<meta property=\"og:type\" content=\"article\" \/>\n<meta property=\"og:title\" content=\"WYPO\u017bYCZALNIA ROWER\u00d3W - Hotel 8 pokoi noclegi, kwatery, pokoje go\u015bcinne\" \/>\n<meta property=\"og:description\" content=\"Wypo\u017cycz rower, rower wspomagany elektrycznie w samym centrum Cieszyna na Zabytkowym Wzg\u00f3rzu Zamkowym nieopodal rynku\" \/>\n<meta property=\"og:url\" content=\"https:\/\/8pokoi.pl\/?page_id=502\" \/>\n<meta property=\"og:site_name\" content=\"Hotel 8 pokoi noclegi, kwatery, pokoje go\u015bcinne\" \/>\n<meta property=\"article:modified_time\" content=\"2021-07-30T07:44:34+00:00\" \/>\n<meta property=\"og:image\" content=\"http:\/\/8pokoi.pl\/wp-content\/uploads\/2021\/07\/wypozyczalnia_rower\u00f3w_cieszyn.jpg\" \/>\n\t<meta property=\"og:image:width\" content=\"336\" \/>\n\t<meta property=\"og:image:height\" content=\"448\" \/>\n<meta name=\"twitter:card\" content=\"summary_large_image\" \/>\n<meta name=\"twitter:label1\" content=\"Szacowany czas czytania\" \/>\n\t<meta name=\"twitter:data1\" content=\"1 minuta\" \/>\n<script type=\"application\/ld+json\" class=\"yoast-schema-graph\">{\"@context\":\"https:\/\/schema.org\",\"@graph\":[{\"@type\":\"WebSite\",\"@id\":\"https:\/\/8pokoi.pl\/#website\",\"url\":\"https:\/\/8pokoi.pl\/\",\"name\":\"Hotel 8 pokoi noclegi, kwatery, pokoje go\\u015bcinne\",\"description\":\"Ofka zaprasza w swoje progi na noclegi do Cieszyna\",\"potentialAction\":[{\"@type\":\"SearchAction\",\"target\":{\"@type\":\"EntryPoint\",\"urlTemplate\":\"https:\/\/8pokoi.pl\/?s={search_term_string}\"},\"query-input\":\"required name=search_term_string\"}],\"inLanguage\":\"pl-PL\"},{\"@type\":\"ImageObject\",\"@id\":\"https:\/\/8pokoi.pl\/?page_id=502#primaryimage\",\"inLanguage\":\"pl-PL\",\"url\":\"https:\/\/8pokoi.pl\/wp-content\/uploads\/2021\/07\/wypozyczalnia_rower\\u00f3w_cieszyn.jpg\",\"contentUrl\":\"https:\/\/8pokoi.pl\/wp-content\/uploads\/2021\/07\/wypozyczalnia_rower\\u00f3w_cieszyn.jpg\",\"width\":336,\"height\":448,\"caption\":\"rower wspomagany elektrycznie\"},{\"@type\":\"WebPage\",\"@id\":\"https:\/\/8pokoi.pl\/?page_id=502#webpage\",\"url\":\"https:\/\/8pokoi.pl\/?page_id=502\",\"name\":\"WYPO\\u017bYCZALNIA ROWER\\u00d3W - Hotel 8 pokoi noclegi, kwatery, pokoje go\\u015bcinne\",\"isPartOf\":{\"@id\":\"https:\/\/8pokoi.pl\/#website\"},\"primaryImageOfPage\":{\"@id\":\"https:\/\/8pokoi.pl\/?page_id=502#primaryimage\"},\"datePublished\":\"2021-07-27T06:26:02+00:00\",\"dateModified\":\"2021-07-30T07:44:34+00:00\",\"description\":\"Wypo\\u017cycz rower, rower wspomagany elektrycznie w samym centrum Cieszyna na Zabytkowym Wzg\\u00f3rzu Zamkowym nieopodal rynku\",\"breadcrumb\":{\"@id\":\"https:\/\/8pokoi.pl\/?page_id=502#breadcrumb\"},\"inLanguage\":\"pl-PL\",\"potentialAction\":[{\"@type\":\"ReadAction\",\"target\":[\"https:\/\/8pokoi.pl\/?page_id=502\"]}]},{\"@type\":\"BreadcrumbList\",\"@id\":\"https:\/\/8pokoi.pl\/?page_id=502#breadcrumb\",\"itemListElement\":[{\"@type\":\"ListItem\",\"position\":1,\"name\":\"Strona g\\u0142\\u00f3wna\",\"item\":\"https:\/\/8pokoi.pl\/\"},{\"@type\":\"ListItem\",\"position\":2,\"name\":\"WYPO\\u017bYCZALNIA ROWER\\u00d3W\"}]}]}<\/script>\n<!-- \/ Yoast SEO plugin. -->","yoast_head_json":{"title":"WYPO\u017bYCZALNIA ROWER\u00d3W - Hotel 8 pokoi noclegi, kwatery, pokoje go\u015bcinne","description":"Wypo\u017cycz rower, rower wspomagany elektrycznie w samym centrum Cieszyna na Zabytkowym Wzg\u00f3rzu Zamkowym nieopodal rynku","robots":{"index":"index","follow":"follow","max-snippet":"max-snippet:-1","max-image-preview":"max-image-preview:large","max-video-preview":"max-video-preview:-1"},"canonical":"https:\/\/8pokoi.pl\/?page_id=502","og_locale":"pl_PL","og_type":"article","og_title":"WYPO\u017bYCZALNIA ROWER\u00d3W - Hotel 8 pokoi noclegi, kwatery, pokoje go\u015bcinne","og_description":"Wypo\u017cycz rower, rower wspomagany elektrycznie w samym centrum Cieszyna na Zabytkowym Wzg\u00f3rzu Zamkowym nieopodal rynku","og_url":"https:\/\/8pokoi.pl\/?page_id=502","og_site_name":"Hotel 8 pokoi noclegi, kwatery, pokoje go\u015bcinne","article_modified_time":"2021-07-30T07:44:34+00:00","og_image":[{"width":336,"height":448,"url":"http:\/\/8pokoi.pl\/wp-content\/uploads\/2021\/07\/wypozyczalnia_rower\u00f3w_cieszyn.jpg","path":"\/home\/pokoiplfyp\/www\/wp-content\/uploads\/2021\/07\/wypozyczalnia_rower\u00f3w_cieszyn.jpg","size":"full","id":508,"alt":"wyypo\u017cyczalnia rower\u00f3w Cieszyn","pixels":150528,"type":"image\/jpeg"}],"twitter_card":"summary_large_image","twitter_misc":{"Szacowany czas czytania":"1 minuta"},"schema":{"@context":"https:\/\/schema.org","@graph":[{"@type":"WebSite","@id":"https:\/\/8pokoi.pl\/#website","url":"https:\/\/8pokoi.pl\/","name":"Hotel 8 pokoi noclegi, kwatery, pokoje go\u015bcinne","description":"Ofka zaprasza w swoje progi na noclegi do Cieszyna","potentialAction":[{"@type":"SearchAction","target":{"@type":"EntryPoint","urlTemplate":"https:\/\/8pokoi.pl\/?s={search_term_string}"},"query-input":"required name=search_term_string"}],"inLanguage":"pl-PL"},{"@type":"ImageObject","@id":"https:\/\/8pokoi.pl\/?page_id=502#primaryimage","inLanguage":"pl-PL","url":"https:\/\/8pokoi.pl\/wp-content\/uploads\/2021\/07\/wypozyczalnia_rower\u00f3w_cieszyn.jpg","contentUrl":"https:\/\/8pokoi.pl\/wp-content\/uploads\/2021\/07\/wypozyczalnia_rower\u00f3w_cieszyn.jpg","width":336,"height":448,"caption":"rower wspomagany elektrycznie"},{"@type":"WebPage","@id":"https:\/\/8pokoi.pl\/?page_id=502#webpage","url":"https:\/\/8pokoi.pl\/?page_id=502","name":"WYPO\u017bYCZALNIA ROWER\u00d3W - Hotel 8 pokoi noclegi, kwatery, pokoje go\u015bcinne","isPartOf":{"@id":"https:\/\/8pokoi.pl\/#website"},"primaryImageOfPage":{"@id":"https:\/\/8pokoi.pl\/?page_id=502#primaryimage"},"datePublished":"2021-07-27T06:26:02+00:00","dateModified":"2021-07-30T07:44:34+00:00","description":"Wypo\u017cycz rower, rower wspomagany elektrycznie w samym centrum Cieszyna na Zabytkowym Wzg\u00f3rzu Zamkowym nieopodal rynku","breadcrumb":{"@id":"https:\/\/8pokoi.pl\/?page_id=502#breadcrumb"},"inLanguage":"pl-PL","potentialAction":[{"@type":"ReadAction","target":["https:\/\/8pokoi.pl\/?page_id=502"]}]},{"@type":"BreadcrumbList","@id":"https:\/\/8pokoi.pl\/?page_id=502#breadcrumb","itemListElement":[{"@type":"ListItem","position":1,"name":"Strona g\u0142\u00f3wna","item":"https:\/\/8pokoi.pl\/"},{"@type":"ListItem","position":2,"name":"WYPO\u017bYCZALNIA ROWER\u00d3W"}]}]}},"_links":{"self":[{"href":"https:\/\/8pokoi.pl\/index.php?rest_route=\/wp\/v2\/pages\/502"}],"collection":[{"href":"https:\/\/8pokoi.pl\/index.php?rest_route=\/wp\/v2\/pages"}],"about":[{"href":"https:\/\/8pokoi.pl\/index.php?rest_route=\/wp\/v2\/types\/page"}],"author":[{"embeddable":true,"href":"https:\/\/8pokoi.pl\/index.php?rest_route=\/wp\/v2\/users\/2"}],"replies":[{"embeddable":true,"href":"https:\/\/8pokoi.pl\/index.php?rest_route=%2Fwp%2Fv2%2Fcomments&post=502"}],"version-history":[{"count":9,"href":"https:\/\/8pokoi.pl\/index.php?rest_route=\/wp\/v2\/pages\/502\/revisions"}],"predecessor-version":[{"id":519,"href":"https:\/\/8pokoi.pl\/index.php?rest_route=\/wp\/v2\/pages\/502\/revisions\/519"}],"wp:featuredmedia":[{"embeddable":true,"href":"https:\/\/8pokoi.pl\/index.php?rest_route=\/wp\/v2\/media\/508"}],"wp:attachment":[{"href":"https:\/\/8pokoi.pl\/index.php?rest_route=%2Fwp%2Fv2%2Fmedia&parent=502"}],"curies":[{"name":"wp","href":"https:\/\/api.w.org\/{rel}","templated":true}]}}